{"id":1761,"date":"2025-03-28T22:20:48","date_gmt":"2025-03-28T20:20:48","guid":{"rendered":"https:\/\/seeton.de\/?page_id=1761"},"modified":"2026-02-01T03:08:05","modified_gmt":"2026-02-01T01:08:05","slug":"videos","status":"publish","type":"page","link":"https:\/\/seeton.de\/?page_id=1761","title":{"rendered":"Videos"},"content":{"rendered":"\n<h3><a href=\"http:\/\/seeton.de\/wp-content\/uploads\/2015\/07\/PAR64_vorTransparent.png\"><\/a>seeTon Nordic Jazz f\u00fcr alle Sinne<\/h3>\n\n\n\n<p>Die folgende Videosammlung soll einerseits Nordic Jazz f\u00fcr alle Sinne bieten &#8212; andererseits chronologisch r\u00fcckw\u00e4rts Einblicke in Gr\u00fcndungsgeschichte und Augenblicke von seeTon geben. Weil es hier immer letzten Endes um besondere handgemachte Musik geht: Bitte m\u00f6glichst mit guten Kopfh\u00f6rern oder\u00a0 Boxen anh\u00f6ren! <\/p>\n\n\n\n<p>Der seeTon-Trailer &#8217;22 entf\u00fchrt an gleich mehrere Konzertorte: Eisenwerk Frauenfeld, Holzwerkstatt Romer in Dingelsdorf, den Wolkenseinsaaal im Kulturzentrum Konstanz, die kath. Kirche in Grie\u00dfen &#8230; Eindr\u00fccklich zu sehen: die St\u00fccke kommen mit uns und passen sich dem Ort an. <\/p>\n\n\n\n<figure class=\"wp-block-image size-full\"><a href=\"https:\/\/www.youtube.com\/watch?v=DkrU2Dq0AUY\"><img loading=\"lazy\" width=\"2084\" height=\"1168\" src=\"https:\/\/seeton.de\/wp-content\/uploads\/2026\/01\/grafik-2.png\" alt=\"\" class=\"wp-image-1919\" srcset=\"https:\/\/seeton.de\/wp-content\/uploads\/2026\/01\/grafik-2.png 2084w, https:\/\/seeton.de\/wp-content\/uploads\/2026\/01\/grafik-2-300x168.png 300w, https:\/\/seeton.de\/wp-content\/uploads\/2026\/01\/grafik-2-768x430.png 768w, https:\/\/seeton.de\/wp-content\/uploads\/2026\/01\/grafik-2-1536x861.png 1536w, https:\/\/seeton.de\/wp-content\/uploads\/2026\/01\/grafik-2-2048x1148.png 2048w\" sizes=\"(max-width: 2084px) 100vw, 2084px\" \/><\/a><figcaption>seeTon Nordic Jazz &#8211; Trailer 2022<\/figcaption><\/figure>\n\n\n\n<p>Das erste Video aus 2026 ist das einzige, das mit Musik eines anderen K\u00fcnstlers beginnt: Hier klingt &#8222;Moving&#8220; von Bugge Wesseltoft, dann seeTon. Das Video ist ein kleines Special: Einblicke in unser Studio &#8212; und bienenflei\u00dfiges Umbauen anl\u00e4sslich eines Mixer-Upgrade &#8230;<\/p>\n\n\n\n<figure class=\"wp-block-image size-full\"><a href=\"https:\/\/www.youtube.com\/watch?v=FkXhUTXHpVk\"><img loading=\"lazy\" width=\"2084\" height=\"1168\" src=\"https:\/\/seeton.de\/wp-content\/uploads\/2026\/01\/grafik.png\" alt=\"\" class=\"wp-image-1912\" srcset=\"https:\/\/seeton.de\/wp-content\/uploads\/2026\/01\/grafik.png 2084w, https:\/\/seeton.de\/wp-content\/uploads\/2026\/01\/grafik-300x168.png 300w, https:\/\/seeton.de\/wp-content\/uploads\/2026\/01\/grafik-768x430.png 768w, https:\/\/seeton.de\/wp-content\/uploads\/2026\/01\/grafik-1536x861.png 1536w, https:\/\/seeton.de\/wp-content\/uploads\/2026\/01\/grafik-2048x1148.png 2048w\" sizes=\"(max-width: 2084px) 100vw, 2084px\" \/><\/a><figcaption>seeTon Studio Upgrade 2026 &#8211; theMovie<\/figcaption><\/figure>\n\n\n\n<p>Tribute to Esh\u00f6rn 2024: Unser Geschenk zu Esbj\u00f6rn Svenssons 60. Geburtstag im Kulturzentrum K9 in Konstanz<\/p>\n\n\n\n<figure class=\"wp-block-image size-full\"><a href=\"https:\/\/youtu.be\/v43nAsv94Ww?si=0KHW3VTJ2nz0OJC6\"><img loading=\"lazy\" width=\"2084\" height=\"1168\" src=\"https:\/\/seeton.de\/wp-content\/uploads\/2026\/01\/grafik-1.png\" alt=\"\" class=\"wp-image-1916\" srcset=\"https:\/\/seeton.de\/wp-content\/uploads\/2026\/01\/grafik-1.png 2084w, https:\/\/seeton.de\/wp-content\/uploads\/2026\/01\/grafik-1-300x168.png 300w, https:\/\/seeton.de\/wp-content\/uploads\/2026\/01\/grafik-1-768x430.png 768w, https:\/\/seeton.de\/wp-content\/uploads\/2026\/01\/grafik-1-1536x861.png 1536w, https:\/\/seeton.de\/wp-content\/uploads\/2026\/01\/grafik-1-2048x1148.png 2048w\" sizes=\"(max-width: 2084px) 100vw, 2084px\" \/><\/a><figcaption>seeTon 2024 &#8211; Tribute to Esbj\u00f6rn &#8211; K9 Konstanz<\/figcaption><\/figure>\n\n\n\n<p>Und dann war Corona. Alles ruhig. Man musizierte zu Hause. Musizieren im Homeoffice? Geht das? &#8212; Bedingt. Ja und nein. Zum Jahreswechsel 21\/22 schenkten wir Euch folgendes Video. Ein bisschen Ruhe, ein bisschen Sehnsucht &#8230; die Fotos hat unser Basser pers\u00f6nlich in Schottland und Skandinavien aufgenommen. <\/p>\n\n\n\n<figure class=\"wp-block-image size-full\"><a href=\"https:\/\/www.youtube.com\/watch?v=wcJRZQAKCJc\"><img loading=\"lazy\" width=\"1740\" height=\"1262\" src=\"https:\/\/seeton.de\/wp-content\/uploads\/2026\/01\/grafik-3.png\" alt=\"\" class=\"wp-image-1921\" srcset=\"https:\/\/seeton.de\/wp-content\/uploads\/2026\/01\/grafik-3.png 1740w, https:\/\/seeton.de\/wp-content\/uploads\/2026\/01\/grafik-3-300x218.png 300w, https:\/\/seeton.de\/wp-content\/uploads\/2026\/01\/grafik-3-768x557.png 768w, https:\/\/seeton.de\/wp-content\/uploads\/2026\/01\/grafik-3-1536x1114.png 1536w\" sizes=\"(max-width: 1740px) 100vw, 1740px\" \/><\/a><figcaption>Believe, beleft, below &#8211; seeTon 2021- EST, arr +Sax Matthias Weisgerber<\/figcaption><\/figure>\n\n\n\n<p>Kurz davor zu Weihnechten: Nun komm der Heiden Heiland &#8230; auch diese Fotos stammen aus der Sammlung unseres Bassers. <\/p>\n\n\n\n<figure class=\"wp-block-image size-full\"><a href=\"https:\/\/youtu.be\/WTJ8xQKy9Zw?si=6u_5u9WOort5_Q-j\"><img loading=\"lazy\" width=\"1740\" height=\"1262\" src=\"https:\/\/seeton.de\/wp-content\/uploads\/2026\/01\/grafik-4.png\" alt=\"\" class=\"wp-image-1923\" srcset=\"https:\/\/seeton.de\/wp-content\/uploads\/2026\/01\/grafik-4.png 1740w, https:\/\/seeton.de\/wp-content\/uploads\/2026\/01\/grafik-4-300x218.png 300w, https:\/\/seeton.de\/wp-content\/uploads\/2026\/01\/grafik-4-768x557.png 768w, https:\/\/seeton.de\/wp-content\/uploads\/2026\/01\/grafik-4-1536x1114.png 1536w\" sizes=\"(max-width: 1740px) 100vw, 1740px\" \/><\/a><figcaption>Nun komm der Heiden Heiland &#8211; seeTon, Weihnachten 2021, Johann Michael Bach, arr M Weisgerber<\/figcaption><\/figure>\n\n\n\n<p>Diese Sammlung w\u00e4chst noch. Kommt gerne wieder. \u2013 Auch wenn es spannend w\u00e4re: Zu manchen \u00e4lteren Auftritten haben wir keine Video-Dokumentation. Aber unter @Stage auf dieser Webseite k\u00f6nnt ihr wirklich alles l\u00fcckenlos nachlesen.  <\/p>\n","protected":false},"excerpt":{"rendered":"<p>seeTon Nordic Jazz f\u00fcr alle Sinne Die folgende Videosammlung soll einerseits Nordic Jazz f\u00fcr alle Sinne bieten &#8212; andererseits chronologisch r\u00fcckw\u00e4rts Einblicke in Gr\u00fcndungsgeschichte und Augenblicke von seeTon geben. Weil es hier immer letzten Endes um besondere handgemachte Musik geht: Bitte m\u00f6glichst mit guten Kopfh\u00f6rern oder\u00a0 Boxen anh\u00f6ren! Der seeTon-Trailer &#8217;22 entf\u00fchrt an gleich mehrere Konzertorte: Eisenwerk Frauenfeld, Holzwerkstatt Romer in Dingelsdorf, den Wolkenseinsaaal im Kulturzentrum Konstanz, die kath. Kirche in Grie\u00dfen &#8230; Eindr\u00fccklich zu sehen: die St\u00fccke kommen mit uns und passen sich dem Ort an. Das erste Video aus 2026 ist das einzige, das mit Musik eines anderen K\u00fcnstlers beginnt: Hier klingt &#8222;Moving&#8220; von Bugge Wesseltoft, dann seeTon. Das Video ist ein kleines Special: Einblicke in unser Studio &#8212; und bienenflei\u00dfiges Umbauen anl\u00e4sslich eines Mixer-Upgrade &#8230; Tribute to Esh\u00f6rn 2024: Unser Geschenk zu Esbj\u00f6rn Svenssons 60. Geburtstag im Kulturzentrum K9 in Konstanz Und dann war Corona. Alles ruhig. Man musizierte zu Hause. Musizieren im Homeoffice? Geht das? &#8212; Bedingt. Ja und nein. Zum Jahreswechsel 21\/22 schenkten wir Euch<\/p>\n","protected":false},"author":3,"featured_media":0,"parent":0,"menu_order":0,"comment_status":"closed","ping_status":"closed","template":"","meta":[],"_links":{"self":[{"href":"https:\/\/seeton.de\/index.php?rest_route=\/wp\/v2\/pages\/1761"}],"collection":[{"href":"https:\/\/seeton.de\/index.php?rest_route=\/wp\/v2\/pages"}],"about":[{"href":"https:\/\/seeton.de\/index.php?rest_route=\/wp\/v2\/types\/page"}],"author":[{"embeddable":true,"href":"https:\/\/seeton.de\/index.php?rest_route=\/wp\/v2\/users\/3"}],"replies":[{"embeddable":true,"href":"https:\/\/seeton.de\/index.php?rest_route=%2Fwp%2Fv2%2Fcomments&post=1761"}],"version-history":[{"count":14,"href":"https:\/\/seeton.de\/index.php?rest_route=\/wp\/v2\/pages\/1761\/revisions"}],"predecessor-version":[{"id":1930,"href":"https:\/\/seeton.de\/index.php?rest_route=\/wp\/v2\/pages\/1761\/revisions\/1930"}],"wp:attachment":[{"href":"https:\/\/seeton.de\/index.php?rest_route=%2Fwp%2Fv2%2Fmedia&parent=1761"}],"curies":[{"name":"wp","href":"https:\/\/api.w.org\/{rel}","templated":true}]}}

<h3><a href="http://seeton.de/wp-content/uploads/2015/07/PAR64_vorTransparent.png"></a>seeTon Nordic Jazz für alle Sinne</h3>



<p>Die folgende Videosammlung soll einerseits Nordic Jazz für alle Sinne bieten &#8212; andererseits chronologisch rückwärts Einblicke in Gründungsgeschichte und Augenblicke von seeTon geben. Weil es hier immer letzten Endes um besondere handgemachte Musik geht: Bitte möglichst mit guten Kopfhörern oder  Boxen anhören! </p>



<p>Der seeTon-Trailer &#8217;22 entführt an gleich mehrere Konzertorte: Eisenwerk Frauenfeld, Holzwerkstatt Romer in Dingelsdorf, den Wolkenseinsaaal im Kulturzentrum Konstanz, die kath. Kirche in Grießen &#8230; Eindrücklich zu sehen: die Stücke kommen mit uns und passen sich dem Ort an. </p>



<figure class="wp-block-image size-full"><a href="https://www.youtube.com/watch?v=DkrU2Dq0AUY"><img loading="lazy" width="2084" height="1168" src="https://seeton.de/wp-content/uploads/2026/01/grafik-2.png" alt="" class="wp-image-1919" srcset="https://seeton.de/wp-content/uploads/2026/01/grafik-2.png 2084w, https://seeton.de/wp-content/uploads/2026/01/grafik-2-300x168.png 300w, https://seeton.de/wp-content/uploads/2026/01/grafik-2-768x430.png 768w, https://seeton.de/wp-content/uploads/2026/01/grafik-2-1536x861.png 1536w, https://seeton.de/wp-content/uploads/2026/01/grafik-2-2048x1148.png 2048w" sizes="(max-width: 2084px) 100vw, 2084px" /></a><figcaption>seeTon Nordic Jazz &#8211; Trailer 2022</figcaption></figure>



<p>Das erste Video aus 2026 ist das einzige, das mit Musik eines anderen Künstlers beginnt: Hier klingt &#8222;Moving&#8220; von Bugge Wesseltoft, dann seeTon. Das Video ist ein kleines Special: Einblicke in unser Studio &#8212; und bienenfleißiges Umbauen anlässlich eines Mixer-Upgrade &#8230;</p>



<figure class="wp-block-image size-full"><a href="https://www.youtube.com/watch?v=FkXhUTXHpVk"><img loading="lazy" width="2084" height="1168" src="https://seeton.de/wp-content/uploads/2026/01/grafik.png" alt="" class="wp-image-1912" srcset="https://seeton.de/wp-content/uploads/2026/01/grafik.png 2084w, https://seeton.de/wp-content/uploads/2026/01/grafik-300x168.png 300w, https://seeton.de/wp-content/uploads/2026/01/grafik-768x430.png 768w, https://seeton.de/wp-content/uploads/2026/01/grafik-1536x861.png 1536w, https://seeton.de/wp-content/uploads/2026/01/grafik-2048x1148.png 2048w" sizes="(max-width: 2084px) 100vw, 2084px" /></a><figcaption>seeTon Studio Upgrade 2026 &#8211; theMovie</figcaption></figure>



<p>Tribute to Eshörn 2024: Unser Geschenk zu Esbjörn Svenssons 60. Geburtstag im Kulturzentrum K9 in Konstanz</p>



<figure class="wp-block-image size-full"><a href="https://youtu.be/v43nAsv94Ww?si=0KHW3VTJ2nz0OJC6"><img loading="lazy" width="2084" height="1168" src="https://seeton.de/wp-content/uploads/2026/01/grafik-1.png" alt="" class="wp-image-1916" srcset="https://seeton.de/wp-content/uploads/2026/01/grafik-1.png 2084w, https://seeton.de/wp-content/uploads/2026/01/grafik-1-300x168.png 300w, https://seeton.de/wp-content/uploads/2026/01/grafik-1-768x430.png 768w, https://seeton.de/wp-content/uploads/2026/01/grafik-1-1536x861.png 1536w, https://seeton.de/wp-content/uploads/2026/01/grafik-1-2048x1148.png 2048w" sizes="(max-width: 2084px) 100vw, 2084px" /></a><figcaption>seeTon 2024 &#8211; Tribute to Esbjörn &#8211; K9 Konstanz</figcaption></figure>



<p>Und dann war Corona. Alles ruhig. Man musizierte zu Hause. Musizieren im Homeoffice? Geht das? &#8212; Bedingt. Ja und nein. Zum Jahreswechsel 21/22 schenkten wir Euch folgendes Video. Ein bisschen Ruhe, ein bisschen Sehnsucht &#8230; die Fotos hat unser Basser persönlich in Schottland und Skandinavien aufgenommen. </p>



<figure class="wp-block-image size-full"><a href="https://www.youtube.com/watch?v=wcJRZQAKCJc"><img loading="lazy" width="1740" height="1262" src="https://seeton.de/wp-content/uploads/2026/01/grafik-3.png" alt="" class="wp-image-1921" srcset="https://seeton.de/wp-content/uploads/2026/01/grafik-3.png 1740w, https://seeton.de/wp-content/uploads/2026/01/grafik-3-300x218.png 300w, https://seeton.de/wp-content/uploads/2026/01/grafik-3-768x557.png 768w, https://seeton.de/wp-content/uploads/2026/01/grafik-3-1536x1114.png 1536w" sizes="(max-width: 1740px) 100vw, 1740px" /></a><figcaption>Believe, beleft, below &#8211; seeTon 2021- EST, arr +Sax Matthias Weisgerber</figcaption></figure>



<p>Kurz davor zu Weihnechten: Nun komm der Heiden Heiland &#8230; auch diese Fotos stammen aus der Sammlung unseres Bassers. </p>



<figure class="wp-block-image size-full"><a href="https://youtu.be/WTJ8xQKy9Zw?si=6u_5u9WOort5_Q-j"><img loading="lazy" width="1740" height="1262" src="https://seeton.de/wp-content/uploads/2026/01/grafik-4.png" alt="" class="wp-image-1923" srcset="https://seeton.de/wp-content/uploads/2026/01/grafik-4.png 1740w, https://seeton.de/wp-content/uploads/2026/01/grafik-4-300x218.png 300w, https://seeton.de/wp-content/uploads/2026/01/grafik-4-768x557.png 768w, https://seeton.de/wp-content/uploads/2026/01/grafik-4-1536x1114.png 1536w" sizes="(max-width: 1740px) 100vw, 1740px" /></a><figcaption>Nun komm der Heiden Heiland &#8211; seeTon, Weihnachten 2021, Johann Michael Bach, arr M Weisgerber</figcaption></figure>



<p>Diese Sammlung wächst noch. Kommt gerne wieder. – Auch wenn es spannend wäre: Zu manchen älteren Auftritten haben wir keine Video-Dokumentation. Aber unter @Stage auf dieser Webseite könnt ihr wirklich alles lückenlos nachlesen.  </p>

<p>seeTon Nordic Jazz für alle Sinne Die folgende Videosammlung soll einerseits Nordic Jazz für alle Sinne bieten &#8212; andererseits chronologisch rückwärts Einblicke in Gründungsgeschichte und Augenblicke von seeTon geben. Weil es hier immer letzten Endes um besondere handgemachte Musik geht: Bitte möglichst mit guten Kopfhörern oder  Boxen anhören! Der seeTon-Trailer &#8217;22 entführt an gleich mehrere Konzertorte: Eisenwerk Frauenfeld, Holzwerkstatt Romer in Dingelsdorf, den Wolkenseinsaaal im Kulturzentrum Konstanz, die kath. Kirche in Grießen &#8230; Eindrücklich zu sehen: die Stücke kommen mit uns und passen sich dem Ort an. Das erste Video aus 2026 ist das einzige, das mit Musik eines anderen Künstlers beginnt: Hier klingt &#8222;Moving&#8220; von Bugge Wesseltoft, dann seeTon. Das Video ist ein kleines Special: Einblicke in unser Studio &#8212; und bienenfleißiges Umbauen anlässlich eines Mixer-Upgrade &#8230; Tribute to Eshörn 2024: Unser Geschenk zu Esbjörn Svenssons 60. Geburtstag im Kulturzentrum K9 in Konstanz Und dann war Corona. Alles ruhig. Man musizierte zu Hause. Musizieren im Homeoffice? Geht das? &#8212; Bedingt. Ja und nein. Zum Jahreswechsel 21/22 schenkten wir Euch</p>
